?
False
Is 16429 prime?
False
Is 331 a composite number?
False
Is 557 a composite number?
False
Is 73181 a prime number?
True
Is 46853 a composite number?
False
Is 101294 a composite number?
True
Is 99046 composite?
True
Is 6197 a composite number?
False
Is 157579 composite?
False
Is 142342 a prime number?
False
Is 47893 a composite number?
True
Is 2419 composite?
True
Is 130927 a prime number?
True
Is 93839 composite?
True
Is 3713 a composite number?
True
Is 106909 composite?
True
Is 63113 a composite number?
False
Is 143087 a prime number?
False
Is 62711 a prime number?
False
Is 19835 a composite number?
True
Is 13349 composite?
True
Is 38881 a prime number?
False
Is 7181 composite?
True
Is 33997 a prime number?
True
Is 2040089 prime?
True
Is 1577193 prime?
False
Is 8749 a prime number?
False
Is 69653 a composite number?
False
Is 235615 a composite number?
True
Is 3641 a prime number?
False
Is 49583 prime?
False
Is 249017 a composite number?
False
Is 18329 a prime number?
True
Is 23945 a prime number?
False
Is 33837 a composite number?
True
Is 30161 a composite number?
False
Is 1687769 composite?
True
Is 4073 composite?
False
Is 104603 a composite number?
True
Is 4691 a prime number?
True
Is 32561 prime?
True
Is 561367 a prime number?
True
Is 1555607 a composite number?
False
Is 473857 a prime number?
True
Is 233 a prime number?
True
Is 289063 prime?
True
Is 116837 composite?
True
Is 148691 a composite number?
False
Is 14767 composite?
False
Is 38017 a prime number?
False
Is 133691 a composite number?
False
Is 122137 a prime number?
False
Is 3989 a prime number?
True
Is 86195 composite?
True
Is 135301 a composite number?
False
Is 33131 a composite number?
True
Is 1531 prime?
True
Is 8501 a prime number?
True
Is 836183 a composite number?
False
Is 317 composite?
False
Is 104695 a prime number?
False
Is 74581 composite?
True
Is 23853 a composite number?
True
Is 26453 a prime number?
False
Is 1015559 prime?
True
Is 49103 a prime number?
True
Is 12499 prime?
False
Is 3847 a composite number?
False
Is 109567 a prime number?
True
Is 9687 a prime number?
False
Is 3180027 composite?
True
Is 42589 a prime number?
True
Is 9357 a prime number?
False
Is 53147 a composite number?
False
Is 87577 composite?
True
Is 536839 prime?
True
Is 1949 a prime number?
True
Is 201737 composite?
True
Is 10183 composite?
True
Is 162923 prime?
False
Is 37441 prime?
True
Is 10085 prime?
False
Is 3611 a prime number?
False
Is 35617 a prime number?
True
Is 94573 composite?
False
Is 1357 a composite number?
True
Is 4855 a composite number?
True
Is 64859 prime?
False
Is 22567 composite?
False
Is 1515509 prime?
True
Is 409 a composite number?
False
Is 275111 a composite number?
True
Is 1171 a prime number?
True
Is 2733 a prime number?
False
Is 106247 a prime number?
False
Is 418007 composite?
False
Is 134 prime?
False
Is 11357 prime?
False
Is 19819 a prime number?
True
Is 2708213 a prime number?
True
Is 2459 a composite number?
False
Is 2048885 a composite number?
True
Is 175345 prime?
False
Is 206182 a composite number?
True
Is 158903 prime?
False
Is 22147 a composite number?
False
Is 5749 a composite number?
False
Is 346231 a prime number?
False
Is 152027 prime?
True
Is 821573 a prime number?
True
Is 11686 a composite number?
True
Is 38383 composite?
True
Is 7817 a composite number?
False
Is 107581 a prime number?
True
Is 158755 a prime number?
False
Is 86351 composite?
False
Is 987353 a prime number?
True
Is 2631 prime?
False
Is 14039 a composite number?
True
Is 125087 prime?
False
Is 270713 composite?
True
Is 187631 prime?
True
Is 16537 a composite number?
True
Is 1357969 a prime number?
True
Is 3799 a prime number?
False
Is 331801 a composite number?
False
Is 417419 composite?
False
Is 10079 composite?
False
Is 132697 a composite number?
False
Is 2683 prime?
True
Is 2053 composite?
False
Is 608869 prime?
False
Is 44867 a composite number?
False
Is 13283 a composite number?
True
Is 4871 prime?
True
Is 2503 composite?
False
Is 532867 a composite number?
False
Is 2579 prime?
True
Is 3181 a composite number?
False
Is 8117 prime?
True
Is 144773 prime?
True
Is 396785 a prime number?
False
Is 380041 composite?
False
Is 153407 composite?
False
Is 4417 a composite number?
True
Is 8767 composite?
True
Is 77093 a composite number?
False
Is 133919 a composite number?
False
Is 166169 a prime number?
True
Is 2459 a prime number?
True
Is 4663 a prime number?
True
Is 19559 a prime number?
True
Is 177809 a composite number?
True
Is 340103 a prime number?
True
Is 1087 a prime number?
True
Is 19243 a composite number?
True
Is 746439 a composite number?
True
Is 311 a composite number?
False
Is 9839 a prime number?
True
Is 107837 a composite number?
False
Is 283603 composite?
True
Is 75349 composite?
True
Is 72665 a prime number?
False
Is 705761 a composite number?
True
Is 40279 a composite number?
True
Is 90347 prime?
False
Is 7531 a composite number?
True
Is 411 prime?
False
Is 1554361 a prime number?
False
Is 12799 a composite number?
False
Is 155797 composite?
False
Is 17447 a composite number?
True
Is 16129 a composite number?
True
Is 120643 prime?
False
Is 2750933 prime?
True
Is 186443 prime?
False
Is 1845241 prime?
False
Is 11777 a prime number?
True
Is 257573 prime?
False
Is 325427 a prime number?
False
Is 141 composite?
True
Is 424489 a prime number?
False
Is 1034281 composite?
False
Is 23461 a prime number?
False
Is 44101 composite?
False
Is 981241 prime?
True
Is 111379 a prime number?
False
Is 1032047 a prime number?
True
Is 1317 a composite number?
True
Is 10805 prime?
False
Is 28117 a prime number?
False
Is 14683 a composite number?
False
Is 10405 a composite number?
True
Is 16565 a composite number?
True
Is 17857 prime?
False
Is 47811 a composite number?
True
Is 232621 composite?
False
Is 18839 a composite number?
False
Is 967 a prime number?
True
Is 545291 prime?
True
Is 56681 composite?
False
Is 97031 composite?
True
Is 125591 composite?
False
Is 757177 a composite number?
True
Is 3511 a prime number?
True
Is 122691 a composite number?
True
Is 128657 a prime number?
True
Is 11927 prime?
True
Is 37617 a composite number?
True
Is 529 prime?
False
Is 82163 a prime number?
True
Is 186401 prime?
False
Is 12877 a composite number?
True
Is 64123 a composite number?
False
Is 8549 a composite number?
True
Is 23251 prime?
True
Is 137905 a composite number?
True
Is 967 composite?
False
Is 1116053 composite?
False
Is 794 a prime number?
False
Is 49843 a composite number?
False
Is 290243 prime?
True
Is 282767 a prime number?
True
Is 235401 prime?
False
Is 12853 a composite number?
False
Is 15241 composite?
False
Is 14779 a prime number?
True
Is 6779 a prime number?
True
Is 757363 a prime number?
True
Is 7765 a prime number?
False
Is 418273 a composite number?
False
Is 363617 composite?
True
Is 1777 a composite number?
False
Is 54251 prime?
True
Is 792859 a prime number?
False
Is 1361 a prime number?
True
Is 636991 composite?
True
Is 27106 a composite number?
True
Is 31177 composite?
False
Is 1101 a composite number?
True
Is 238141 composite?
False
Is 12361 prime?
False
Is 49891 composite?
False
Is 10577 a prime number?
False
Is 1969235 a composite number?
True
Is 4999 a prime number?
True
Is 43049 prime?
True
Is 1776629 a prime number?
False
Is 10513 composite?
False
Is 150473 a composite number?
False
Is 35251 a composite number?
False
Is 493 a prime number?
False
Is 625357 a composite number?
True
Is 14047 prime?
False
Is 8513 a composite number?
False
Is 24611 a prime number?
True
Is 248749 prime?
True
Is 13103 prime?
True
Is 88127 a composite number?
True
Is 1918461 a composite number?
True
Is 1198391 composite?
True
Is 56767 a composite number?
False
Is 60493 a composite number?
False
Is 704617 prime?
True
Is 403994 composite?
True
Is 8023 a composite number?
True
Is 128221 prime?
True
Is 28807 composite?
False
Is 167099 a prime number?
True
Is 1249 a prime number?
True
Is 6673 prime?
True
Is 464029 composite?
True
Is 5779 prime?
True
Is 14957 a composite number?
False
Is 2217077 prime?
False
Is 247493 composite?
True
Is 7377 prime?
False
Is 22577 a composite number?
True
Is 27329 composite?
False
Is 22901 a prime number?
True
Is 2802977 prime?
False
Is 40151 a prime number?
True